{"id":707,"date":"2024-09-02T08:37:26","date_gmt":"2024-09-02T06:37:26","guid":{"rendered":"https:\/\/web.100tificos.top\/?page_id=707"},"modified":"2024-10-23T08:32:49","modified_gmt":"2024-10-23T06:32:49","slug":"aulatea","status":"publish","type":"page","link":"https:\/\/web.100tificos.top\/index.php\/aulatea\/","title":{"rendered":"Aula TEA"},"content":{"rendered":"<div id=\"pl-707\"  class=\"panel-layout\" ><div id=\"pg-707-0\"  class=\"panel-grid panel-no-style\" ><div id=\"pgc-707-0-0\"  class=\"panel-grid-cell\" ><div id=\"panel-707-0-0-0\" class=\"so-panel widget widget_sow-hero panel-first-child panel-last-child\" data-index=\"0\" ><div\n\t\t\t\n\t\t\tclass=\"so-widget-sow-hero so-widget-sow-hero-default-93415d0e2dbf-707 so-widget-fittext-wrapper\"\n\t\t\t data-fit-text-compressor=\"0.85\"\n\t\t>\t\t\t\t<div class=\"sow-slider-base\" style=\"display: none\" tabindex=\"0\">\n\t\t\t\t\t<ul\n\t\t\t\t\tclass=\"sow-slider-images\"\n\t\t\t\t\tdata-settings=\"{&quot;pagination&quot;:true,&quot;speed&quot;:400,&quot;timeout&quot;:8000,&quot;paused&quot;:false,&quot;pause_on_hover&quot;:false,&quot;swipe&quot;:true,&quot;nav_always_show_desktop&quot;:&quot;&quot;,&quot;nav_always_show_mobile&quot;:&quot;&quot;,&quot;breakpoint&quot;:&quot;780px&quot;,&quot;unmute&quot;:false,&quot;anchor&quot;:null}\"\n\t\t\t\t\t\t\t\t\t\tdata-anchor-id=\"\"\n\t\t\t\t>\t\t<li class=\"sow-slider-image  sow-slider-image-cover\" style=\"visibility: visible;;background-color: #333333\" >\n\t\t\t\t\t<div class=\"sow-slider-image-container\">\n\t\t\t<div class=\"sow-slider-image-wrapper\">\n\t\t\t\t<h2 style=\"text-align: center\">Aula TEA<\/h2>\n<h4 style=\"text-align: center\"><span style=\"color: #99cc00\">Especializada en ni\u00f1os y j\u00f3venes con Trastorno del Espectro Autista<\/span><span style=\"color: #ff9900\"><br \/>\n<\/span><\/h4>\n<div class=\"sow-hero-buttons\" style=\"text-align: center\"><\/div>\n\t\t\t<\/div>\n\t\t<\/div>\n\t\t<div class=\"sow-slider-image-overlay sow-slider-image-cover\" style=\"opacity: 0.77;background-image: url(https:\/\/web.100tificos.top\/wp-content\/uploads\/2024\/09\/WhatsApp-Image-2024-08-24-at-14.15.55-1080x380.jpeg)\"  ><\/div>\t\t<\/li>\n\t\t<\/ul>\t\t\t\t<ol class=\"sow-slider-pagination\">\n\t\t\t\t\t\t\t\t\t\t\t<li><a href=\"#\" data-goto=\"0\" aria-label=\"mostrar diapositiva 1\"><\/a><\/li>\n\t\t\t\t\t\t\t\t\t<\/ol>\n\n\t\t\t\t<div class=\"sow-slide-nav sow-slide-nav-next\">\n\t\t\t\t\t<a href=\"#\" data-goto=\"next\" aria-label=\"diapositiva siguiente\" data-action=\"next\">\n\t\t\t\t\t\t<em class=\"sow-sld-icon-thin-right\"><\/em>\n\t\t\t\t\t<\/a>\n\t\t\t\t<\/div>\n\n\t\t\t\t<div class=\"sow-slide-nav sow-slide-nav-prev\">\n\t\t\t\t\t<a href=\"#\" data-goto=\"previous\" aria-label=\"diapositiva anterior\" data-action=\"prev\">\n\t\t\t\t\t\t<em class=\"sow-sld-icon-thin-left\"><\/em>\n\t\t\t\t\t<\/a>\n\t\t\t\t<\/div>\n\t\t\t\t<\/div><\/div><\/div><\/div><\/div><div id=\"pg-707-1\"  class=\"panel-grid panel-no-style\" ><div id=\"pgc-707-1-0\"  class=\"panel-grid-cell\" ><div id=\"panel-707-1-0-0\" class=\"so-panel widget widget_sow-headline panel-first-child\" data-index=\"1\" ><div class=\"panel-widget-style panel-widget-style-for-707-1-0-0\" ><div\n\t\t\t\n\t\t\tclass=\"so-widget-sow-headline so-widget-sow-headline-default-6905a7142f66-707\"\n\t\t\t\n\t\t><div class=\"sow-headline-container \">\n\t\t\t\t\t\t\t<h1 class=\"sow-headline\">\n\t\t\t\t\t\t\u00bfQUE ES UN <b style=\"color: ORANGE\">AULA TEA <\/b>?\t\t\t\t\t\t<\/h1>\n\t\t\t\t\t\t\t\t\t\t\t\t<h3 class=\"sow-sub-headline\">\n\t\t\t\t\t\t  \t\t\t\t\t\t<\/h3>\n\t\t\t\t\t\t<\/div>\n<\/div><\/div><\/div><div id=\"panel-707-1-0-1\" class=\"so-panel widget widget_sow-editor panel-last-child\" data-index=\"2\" ><div\n\t\t\t\n\t\t\tclass=\"so-widget-sow-editor so-widget-sow-editor-base\"\n\t\t\t\n\t\t>\n<div class=\"siteorigin-widget-tinymce textwidget\">\n\t<h4>Las Aulas TEA son espacios educativos especializados para ni\u00f1os y j\u00f3venes con <strong>Trastorno del Espectro Autista\u00a0(TEA)<\/strong>. Estos estudiantes presentan dificultades en las \u00e1reas de la\u00a0<strong>comunicaci\u00f3n<\/strong>, la\u00a0<strong>interacci\u00f3n social<\/strong>\u00a0y el\u00a0<strong>comportamiento<\/strong>, lo que puede afectar f\u00e1cilmente a su capacidad para aprender y participar en actividades acad\u00e9micas.<\/h4>\n<h4>Estas \u00e1reas escolares siempre est\u00e1n dise\u00f1adas para proporcionar un\u00a0ambiente <strong>seguro, estable y predecible<\/strong>\u00a0para los estudiantes con TEA, que pueden tener dificultades para procesar est\u00edmulos ambientales y sociales.<\/h4>\n<\/div>\n<\/div><\/div><\/div><\/div><div id=\"pg-707-2\"  class=\"panel-grid panel-no-style\" ><div id=\"pgc-707-2-0\"  class=\"panel-grid-cell\" ><div id=\"panel-707-2-0-0\" class=\"so-panel widget widget_sow-headline panel-first-child\" data-index=\"3\" ><div class=\"panel-widget-style panel-widget-style-for-707-2-0-0\" ><div\n\t\t\t\n\t\t\tclass=\"so-widget-sow-headline so-widget-sow-headline-default-6905a7142f66-707\"\n\t\t\t\n\t\t><div class=\"sow-headline-container \">\n\t\t\t\t\t\t\t<h1 class=\"sow-headline\">\n\t\t\t\t\t\t\u00bfQUE SE TRABAJA EN LAS <b style=\"color: ORANGE\">AULA TEA <\/b>?\t\t\t\t\t\t<\/h1>\n\t\t\t\t\t\t<\/div>\n<\/div><\/div><\/div><div id=\"panel-707-2-0-1\" class=\"so-panel widget widget_sow-editor panel-last-child\" data-index=\"4\" ><div\n\t\t\t\n\t\t\tclass=\"so-widget-sow-editor so-widget-sow-editor-base\"\n\t\t\t\n\t\t>\n<div class=\"siteorigin-widget-tinymce textwidget\">\n\t<h4>En las Aulas TEA se trabaja en mejorar las habilidades sociales, comunicativas y acad\u00e9micas de los estudiantes que padecen este trastorno, as\u00ed como en\u00a0<strong>reducir comportamientos inapropiados<\/strong>. Para ello, se utilizan t\u00e9cnicas de ense\u00f1anza espec\u00edficas y programas de intervenci\u00f3n que permiten adaptarse a las necesidades individuales de cada estudiante con TEA.<\/h4>\n<\/div>\n<\/div><\/div><\/div><\/div><\/div>","protected":false},"excerpt":{"rendered":"<p>Las Aulas TEA son espacios educativos especializados para ni\u00f1os y j\u00f3venes con Trastorno del Espectro Autista\u00a0(TEA). Estos estudiantes presentan dificultades en las \u00e1reas de la\u00a0comunicaci\u00f3n, la\u00a0interacci\u00f3n social\u00a0y el\u00a0comportamiento, lo que puede afectar f\u00e1cilmente a su capacidad para aprender y participar en actividades acad\u00e9micas. Estas \u00e1reas escolares siempre est\u00e1n dise\u00f1adas para proporcionar un\u00a0ambiente seguro, estable y [&hellip;]<\/p>\n","protected":false},"author":1,"featured_media":0,"parent":0,"menu_order":0,"comment_status":"closed","ping_status":"closed","template":"","meta":{"_monsterinsights_skip_tracking":false,"_monsterinsights_sitenote_active":false,"_monsterinsights_sitenote_note":"","_monsterinsights_sitenote_category":0,"footnotes":""},"class_list":["post-707","page","type-page","status-publish","hentry","post"],"_links":{"self":[{"href":"https:\/\/web.100tificos.top\/index.php\/wp-json\/wp\/v2\/pages\/707","targetHints":{"allow":["GET"]}}],"collection":[{"href":"https:\/\/web.100tificos.top\/index.php\/wp-json\/wp\/v2\/pages"}],"about":[{"href":"https:\/\/web.100tificos.top\/index.php\/wp-json\/wp\/v2\/types\/page"}],"author":[{"embeddable":true,"href":"https:\/\/web.100tificos.top\/index.php\/wp-json\/wp\/v2\/users\/1"}],"replies":[{"embeddable":true,"href":"https:\/\/web.100tificos.top\/index.php\/wp-json\/wp\/v2\/comments?post=707"}],"version-history":[{"count":22,"href":"https:\/\/web.100tificos.top\/index.php\/wp-json\/wp\/v2\/pages\/707\/revisions"}],"predecessor-version":[{"id":902,"href":"https:\/\/web.100tificos.top\/index.php\/wp-json\/wp\/v2\/pages\/707\/revisions\/902"}],"wp:attachment":[{"href":"https:\/\/web.100tificos.top\/index.php\/wp-json\/wp\/v2\/media?parent=707"}],"curies":[{"name":"wp","href":"https:\/\/api.w.org\/{rel}","templated":true}]}}